ose 0 = -c - 2*n + 7*n + 25, -c - 4*n = 11. Suppose c*d - 11 = 24. Calculate the remainder when (-162)/4*20/(-30) is divided by d.
6
Suppose 0 = 7*u - 66 + 24. Calculate the remainder when 84 is divided by u.
0
Suppose -3*y - 111 = -2*a, 17*a - y = 12*a + 284. What is the remainder when a is divided by 12?
9
Calculate the remainder when 62 is divided by (-12)/(11/(44/(-8))).
2
Let g(n) = -7*n**2 + 22*n**2 - 1 + 7*n - 14*n**2. Let i be g(-6). Calculate the remainder when 25 is divided by 15 + i + 4 - -1.
12
Let o(u) = 2*u**2 + 26*u + 118. Calculate the remainder when 125 is divided by o(-9).
33
Suppose -24*t = 11*t - 29715. What is the remainder when t is divided by 37?
35
Let p(n) be the second derivative of -n**5/20 - n**4/2 - 3*n**3/2 - 7*n**2 + 56*n. What is the remainder when 25 is divided by p(-5)?
1
Let a = -103 + 105. Suppose 0 = 5*h + 5*y - 215, a*h + y + 192 = 6*h. Suppose -2*g + 3*g - 12 = 0. Calculate the remainder when h is divided by g.
11
Suppose 3*p = 29 + 10. Let c(k) = 20*k - 64. What is the remainder when c(5) is divided by p?
10
What is the remainder when 368 - (1/3 - (-70)/105) is divided by 23?
22
Suppose -k - 2*p - 8 = -2*k, 41 = 2*k + p. Calculate the remainder when -5 + 32*70/56 is divided by k.
17
Let b be (-7 + 4)/((-9)/(-24)*1). Let k(g) = -g**3 - 6*g**2 + 14*g - 13. Calculate the remainder when 12 is divided by k(b).
0
Calculate the remainder when 65 + (84/(-18) - 2/(-3)) is divided by 17.
10
Suppose -5797 + 1169 = -26*g. Calculate the remainder when g is divided by 6.
4
Suppose 2*f - 134 = 6. Suppose 5 = -5*w + f. What is the remainder when 63 is divided by w?
11
Let p = 314 + -282. Calculate the remainder when 42 is divided by p.
10
Suppose -23*u = -8*u - 15. What is the remainder when 52 - ((0 - 0) + 0) is divided by (-2 + u)*-1*11/1?
8
Let v(o) = -o**3 - 4*o**2 - 8*o - 6. Calculate the remainder when 127 is divided by v(-4).
23
Let p = -118 - -254. Let v = p - 78. Let l(f) = f**2 - 17*f - 23. What is the remainder when v is divided by l(19)?
13
Suppose -5*x = -83 + 13. Calculate the remainder when 82 is divided by x.
12
Suppose -39 = u - 4*u. Let f = -32 + u. Let m = 42 + f. Calculate the remainder when m is divided by 13.
10
What is the remainder when 227 is divided by (((-90)/(-8))/(-5))/(138/(-368))?
5
Suppose -22 - 38 = -2*q. Suppose -9*d + 135 + 9 = 0. Calculate the remainder when q is divided by d.
14
Suppose -3*x = 5*h - 861, -2*h - 5*x - 363 = -4*h. Calculate the remainder when h is divided by 11.
9
Let z = -3 + 12. Suppose -z = -2*s + 89. Calculate the remainder when s is divided by 26.
23
Suppose -3*d + 46 = 31. Suppose -4*h = 4*m + 20 - 272, 3*h = d*m + 213. Calculate the remainder when h is divided by 18.
12
Let y(m) be the first derivative of -m**4/4 + 11*m**3/3 - 7*m**2/2 + 10*m - 43. Calculate the remainder when y(10) is divided by 22.
18
Let i = -93 + 254. Suppose -57*p + 53*p = -108. What is the remainder when i is divided by p?
26
Let v(j) = 25*j. Suppose -8*c + 4 = -4*c. Calculate the remainder when (c - -1)*(-146)/(-4) is divided by v(1).
23
Let u(v) = 6*v**3 - 21*v**2 + 15*v - 8. What is the remainder when u(3) is divided by (3/2)/((-6)/(-8))?
0
Let g be 15/(-2)*(-4)/(-2). Suppose 72 + 0 = 4*r. Calculate the remainder when 57 is divided by (g/9)/((-2)/r).
12
Let s(w) = -w + 46. Suppose 0 + 2 = -2*t. Calculate the remainder when s(0) is divided by (t - 14 - 1)/(-1).
14
Let a = -43 - -25. Let l be (-117)/(-2) - (-27)/a. Let u = 94 - l. What is the remainder when u is divided by 8?
5
Let j(p) = 7 + 9 + 10 + 3 - p. Suppose 73 = 4*v - 3*a, 5*v + 16 = a + 99. Calculate the remainder when j(0) is divided by v.
13
Calculate the remainder when 23 is divided by 1*(0 + 1) - (12 + -26).
8
Suppose g - 148 = -5*l + 1, -4*l + 104 = -3*g. What is the remainder when l is divided by 12?
5
Suppose -7*p - 426 = -9*p. Calculate the remainder when p is divided by 3.
0
Suppose 4*a - 6*a + 4 = 0. Suppose 30 = x + a*k, 2*k = 3*x + 3*k - 95. Calculate the remainder when 62 is divided by x.
30
Let f = -42 - -41. Let g = f + 43. What is the remainder when g is divided by 11?
9
Let k(u) = -u**3 - 24*u**2 + 24*u - 17. Suppose 4*y - 66 = -3*c, -3*y + 3*c + 30 = -9. Calculate the remainder when y is divided by k(-25).
7
Let g be 3/(-9) + 2/6. Let a = 5 + g. Let f = 11 - 3. Calculate the remainder when f is divided by a.
3
Suppose 0 = -3*m + 5*m - 38. Let x = 8 + m. Let w = x + -8. What is the remainder when 36 is divided by w?
17
Suppose -16*p + 6896 - 400 = 0. What is the remainder when p is divided by 24?
22
Let l = 60 - -8. Let n = l + -25. Calculate the remainder when n is divided by 9.
7
Suppose 3*q = 3*x - 24, q - 5*q = -5*x + 37. Let o(y) = -3*y**2 + 16*y + 5. Calculate the remainder when o(4) is divided by x.
1
Let l(s) = 31*s + 8. Suppose 0 = 2*v - f - 234, 0 = -4*v + f + 649 - 183. What is the remainder when v is divided by l(1)?
38
Let o(w) = -154*w**3 - w + 1. Let f be o(1). Let s = 246 + f. Calculate the remainder when s is divided by 24.
20
Suppose w - 3*r = -2*r + 28, 2*r = 5*w - 137. Let u = w + -8. Calculate the remainder when u is divided by 11.
8
Suppose 7*f - 2236 = -164. What is the remainder when f is divided by 30?
26
Suppose -5 = 4*h - o + 2*o, -4*o - 20 = -3*h. Let m(i) = 2*i**2 - 8*i - 21. What is the remainder when m(-3) is divided by (-8 - -8) + (h - -12)?
9
Let o(n) = n**3 - 3*n**2 - 7*n + 5. Let f = 31 + -7. Calculate the remainder when o(6) is divided by f.
23
Let i(n) = 2*n + 8. Let b be i(-5). Let l be 316/(-12) + b/3. Let c = -18 - l. Calculate the remainder when c is divided by 5.
4
Suppose -15*o = -11*o + 64. Let k = 51 + o. What is the remainder when 135 is divided by k?
30
Calculate the remainder when 115 is divided by (-101)/55*-5 - 6/33.
7
Let q = 656 + -629. What is the remainder when 80 is divided by q?
26
Let y(m) = 2*m**3 + 2*m**2 + m + 20. Calculate the remainder when y(5) is divided by 41.
38
Let b(q) = -11*q**3 + q**2 + 2*q + 1. Suppose 3 + 45 = l - t, 0 = 4*l + 2*t - 162. What is the remainder when l is divided by b(-1)?
10
Let m(q) = -2*q**2 + 8*q - 2. Let a be m(3). Suppose -4 = 2*z + 4*s, z - 5*s = a*z + 4. What is the remainder when 2 is divided by z?
0
Let l(j) = j**3 + 2*j**2 - 3*j + 7. Calculate the remainder when 44 is divided by l(-3).
2
Let v = -6 - -19. Suppose 0 = 2*o - 4, 4*g = 5*o + 4 + 2. Suppose c - 34 = -4*b, b - 38 - 113 = -g*c. Calculate the remainder when c is divided by v.
12
Suppose 49 - 44 = f. Suppose -t + 3*h + 5 = -h, -f*h + 125 = 4*t. Calculate the remainder when t is divided by 4.
1
Suppose 183 = -3*x + 471. Suppose -2*y + x = 10*y. What is the remainder when 23 is divided by y?
7
Calculate the remainder when -1*(-9 + -10 + 6) is divided by 11.
2
Let h(y) = 18*y + 1. Let a(s) = 2*s**3 + 3*s**2 - 5*s - 3. Let f be a(-3). Let p = -13 - f. What is the remainder when h(p) is divided by 10?
7
Let t(c) = 3*c - 47. What is the remainder when 378 is divided by t(22)?
17
Let x = -602 + 621. What is the remainder when 73 is divided by x?
16
What is the remainder when ((-1720)/(-3))/(102/153) is divided by 48?
44
Let j(g) be the second derivative of -g**5/20 - 13*g**4/12 + 2*g**3 + 3*g**2/2 - g. What is the remainder when 59 is divided by j(-14)?
28
Suppose 20*u - 124 = 18*u. What is the remainder when u is divided by 20?
2
Suppose 10 - 46 = -4*l. Calculate the remainder when 123 is divided by l.
6
Let f be 4/(2/1) + (22 - 20). Suppose -3*v + 8*v + 71 = f*x, -63 = -2*x - 3*v. What is the remainder when x is divided by 5?
4
Let p = 853 + -844. Calculate the remainder when 26 is divided by p.
8
Let f(u) = -4621*u + 14. Let c be f(-2). What is the remainder when c/221 - (-5)/((-255)/(-6)) is divided by (-11*(-2)/2)/1?
9
Suppose 0 = 2*h + 2*o - 292, 0 = 3*h - 0*h + 5*o - 434. Let m = h + -107. What is the remainder when m is divided by 11?
8
Let h = 1810 - 1773. Let z = -14 - -24. What is the remainder when h is divided by z?
7
Let g = 1503 + -1483. What is the remainder when 71 is divided by g?
11
Let f(u) = 3*u - 3. Let r be f(6). Suppose -c = -6*c + r. Let s(i) = -i**3 - 13*i**2 + 5*i - 120. Calculate the remainder when s(-14) is divided by c.
0
Let u(z) = -5 + z**3 + 12 - 2*z**3 - 9*z**2 - 8*z + 0*z**2. Calculate the remainder when u(-8) is divided by 4.